{"id":2112,"date":"2024-05-09T08:34:02","date_gmt":"2024-05-09T06:34:02","guid":{"rendered":"https:\/\/kanaglobaldesign.com\/nosotros\/"},"modified":"2024-09-11T08:49:59","modified_gmt":"2024-09-11T06:49:59","slug":"about-us","status":"publish","type":"page","link":"https:\/\/kanaglobaldesign.com\/en\/about-us\/","title":{"rendered":"About us"},"content":{"rendered":"<p>Kan\u00e1 Global Design is the union of great leaders in interior design and architecture: Rafael Segu\u00ed, M\u00f3nica Fullana and Antonio Albadalejo. It is a commitment to excellence and the art of creating spaces, the cohesion of our talent, our vision and our success.<\/p>\n","protected":false},"excerpt":{"rendered":"<p>Kan\u00e1 Global Design is the union of great leaders in interior design and architecture: Rafael Segu\u00ed, M\u00f3nica Fullana and Antonio &hellip; <a href=\"https:\/\/kanaglobaldesign.com\/en\/about-us\/\" class=\"more-link\">Continue reading <span class=\"screen-reader-text\">About us<\/span><\/a><\/p>\n","protected":false},"author":1,"featured_media":0,"parent":0,"menu_order":0,"comment_status":"closed","ping_status":"closed","template":"page-nosotros.php","meta":{"_acf_changed":false,"footnotes":""},"class_list":["post-2112","page","type-page","status-publish","hentry"],"acf":[],"_links":{"self":[{"href":"https:\/\/kanaglobaldesign.com\/en\/wp-json\/wp\/v2\/pages\/2112","targetHints":{"allow":["GET"]}}],"collection":[{"href":"https:\/\/kanaglobaldesign.com\/en\/wp-json\/wp\/v2\/pages"}],"about":[{"href":"https:\/\/kanaglobaldesign.com\/en\/wp-json\/wp\/v2\/types\/page"}],"author":[{"embeddable":true,"href":"https:\/\/kanaglobaldesign.com\/en\/wp-json\/wp\/v2\/users\/1"}],"replies":[{"embeddable":true,"href":"https:\/\/kanaglobaldesign.com\/en\/wp-json\/wp\/v2\/comments?post=2112"}],"version-history":[{"count":6,"href":"https:\/\/kanaglobaldesign.com\/en\/wp-json\/wp\/v2\/pages\/2112\/revisions"}],"predecessor-version":[{"id":2118,"href":"https:\/\/kanaglobaldesign.com\/en\/wp-json\/wp\/v2\/pages\/2112\/revisions\/2118"}],"wp:attachment":[{"href":"https:\/\/kanaglobaldesign.com\/en\/wp-json\/wp\/v2\/media?parent=2112"}],"curies":[{"name":"wp","href":"https:\/\/api.w.org\/{rel}","templated":true}]}}

<p>Kaná Global Design is the union of great leaders in interior design and architecture: Rafael Seguí, Mónica Fullana and Antonio Albadalejo. It is a commitment to excellence and the art of creating spaces, the cohesion of our talent, our vision and our success.</p>

<p>Kaná Global Design is the union of great leaders in interior design and architecture: Rafael Seguí, Mónica Fullana and Antonio &hellip; <a href="https://kanaglobaldesign.com/en/about-us/" class="more-link">Continue reading <span class="screen-reader-text">About us</span></a></p>
