{"id":2183,"date":"2024-06-17T09:23:03","date_gmt":"2024-06-17T07:23:03","guid":{"rendered":"https:\/\/kanaglobaldesign.com\/proyecto\/cerrato-2\/"},"modified":"2024-06-17T09:23:03","modified_gmt":"2024-06-17T07:23:03","slug":"cerrato-2","status":"publish","type":"proyecto","link":"https:\/\/kanaglobaldesign.com\/en\/proyecto\/cerrato-2\/","title":{"rendered":"Cerrato 2"},"content":{"rendered":"<p class=\"p1\">Viviendas con un planteamiento similar al Cerrato 00. Organizadas a trav\u00e9s de un &#8220;patio&#8221;\/n\u00facleo central de instalaciones. Como el terreno es llano, la relaci\u00f3n de la planta baja es m\u00e1s extrovertida y el objetivo del proyecto es apropiarse del terreno circundante como perteneciente a la vivienda. La planta superior se protege de las vistas mediante lamas correderas exteriores.<\/p>\n","protected":false},"excerpt":{"rendered":"<p>Viviendas organizadas a trav\u00e9s de un patio central<\/p>\n","protected":false},"featured_media":1059,"template":"","categoria-proyecto":[23],"class_list":["post-2183","proyecto","type-proyecto","status-publish","has-post-thumbnail","hentry","categoria-proyecto-viviendas-en"],"acf":[],"_links":{"self":[{"href":"https:\/\/kanaglobaldesign.com\/en\/wp-json\/wp\/v2\/proyecto\/2183","targetHints":{"allow":["GET"]}}],"collection":[{"href":"https:\/\/kanaglobaldesign.com\/en\/wp-json\/wp\/v2\/proyecto"}],"about":[{"href":"https:\/\/kanaglobaldesign.com\/en\/wp-json\/wp\/v2\/types\/proyecto"}],"wp:featuredmedia":[{"embeddable":true,"href":"https:\/\/kanaglobaldesign.com\/en\/wp-json\/wp\/v2\/media\/1059"}],"wp:attachment":[{"href":"https:\/\/kanaglobaldesign.com\/en\/wp-json\/wp\/v2\/media?parent=2183"}],"wp:term":[{"taxonomy":"categoria-proyecto","embeddable":true,"href":"https:\/\/kanaglobaldesign.com\/en\/wp-json\/wp\/v2\/categoria-proyecto?post=2183"}],"curies":[{"name":"wp","href":"https:\/\/api.w.org\/{rel}","templated":true}]}}

<p class="p1">Viviendas con un planteamiento similar al Cerrato 00. Organizadas a través de un &#8220;patio&#8221;/núcleo central de instalaciones. Como el terreno es llano, la relación de la planta baja es más extrovertida y el objetivo del proyecto es apropiarse del terreno circundante como perteneciente a la vivienda. La planta superior se protege de las vistas mediante lamas correderas exteriores.</p>

<p>Viviendas organizadas a través de un patio central</p>
